site number?
True
Is 203798863 a prime number?
False
Is 1956419 composite?
False
Is 539182243 a composite number?
False
Is 65052427 prime?
False
Is 58768783 composite?
True
Is 114819217 a prime number?
True
Is 35847389 a composite number?
False
Is 53254997 composite?
False
Is 8064293 composite?
False
Is 32894977 a prime number?
True
Is 43583789 prime?
False
Is 9916381 a prime number?
False
Is 2523317 composite?
False
Is 7716469 a prime number?
False
Is 382681903 prime?
True
Is 348347663 a prime number?
False
Is 357367 prime?
False
Is 502767959 a prime number?
True
Is 92768633 a composite number?
True
Is 2400487 a composite number?
True
Is 27182183 composite?
True
Is 16544641 a composite number?
False
Is 7663867 a prime number?
False
Is 60821693 a composite number?
False
Is 29663 composite?
False
Is 1207597 a prime number?
True
Is 7250119 composite?
False
Is 419492861 prime?
True
Is 5145017 a prime number?
True
Is 237005689 a prime number?
True
Is 24049301 a composite number?
False
Is 40391587 a prime number?
False
Is 44747461 a prime number?
False
Is 17953781 a prime number?
False
Is 36005461 composite?
False
Is 15410423 a composite number?
True
Is 169049 a composite number?
False
Is 2832605 a prime number?
False
Is 118383983 composite?
True
Is 2164121 a composite number?
False
Is 185722571 a composite number?
False
Is 31026997 composite?
False
Is 19423981 a prime number?
False
Is 314903 a prime number?
True
Is 1368617 a prime number?
True
Is 1368547 prime?
True
Is 49141073 a composite number?
True
Is 8499597 composite?
True
Is 3102289 prime?
True
Is 2702041 prime?
True
Is 2446453 a composite number?
True
Is 19867843 composite?
True
Is 5252221 prime?
False
Is 48052493 prime?
False
Is 2275733 a composite number?
False
Is 197513 composite?
True
Is 47853359 prime?
True
Is 120862759 prime?
False
Is 60980401 a prime number?
True
Is 96711271 a prime number?
True
Is 5532635 a composite number?
True
Is 5124391 composite?
True
Is 5813723 a composite number?
False
Is 49453351 a composite number?
True
Is 13024387 a composite number?
True
Is 6291247 a composite number?
False
Is 1756817 a composite number?
False
Is 33858013 a prime number?
False
Is 274155019 prime?
True
Is 1950107 prime?
True
Is 40276823 a prime number?
True
Is 73949027 a composite number?
True
Is 24798959 composite?
False
Is 50102233 prime?
False
Is 2064239 composite?
True
Is 1973651 prime?
True
Is 29851663 prime?
True
Is 30412421 composite?
True
Is 56417078 composite?
True
Is 7847407 a prime number?
True
Is 13543103 a composite number?
True
Is 1110803 a composite number?
False
Is 12666779 composite?
False
Is 13962023 prime?
True
Is 163087223 composite?
True
Is 14294353 prime?
True
Is 28607659 a composite number?
True
Is 5189593 composite?
True
Is 40556201 composite?
True
Is 404174 a prime number?
False
Is 18899 prime?
True
Is 47879059 composite?
True
Is 25196233 a prime number?
False
Is 90491 prime?
False
Is 989467 a composite number?
False
Is 16742931 a composite number?
True
Is 2638747 composite?
False
Is 9558979 prime?
True
Is 7572223 composite?
False
Is 383636881 prime?
True
Is 15912569 prime?
True
Is 956621 composite?
True
Is 30512549 composite?
False
Is 3176333 prime?
True
Is 22890151 prime?
True
Is 3435281 composite?
False
Is 684007 a prime number?
True
Is 15044423 a composite number?
False
Is 66727009 a prime number?
True
Is 15984791 prime?
True
Is 17459213 a composite number?
False
Is 237286643 a prime number?
False
Is 75821 a prime number?
True
Is 98239663 composite?
False
Is 7583761 composite?
True
Is 361134151 a prime number?
False
Is 313393537 composite?
False
Is 26615297 a prime number?
True
Is 13895143 a prime number?
True
Is 2941 prime?
False
Is 9577157 a composite number?
True
Is 17909197 a composite number?
False
Is 14003459 a prime number?
False
Is 4512037 composite?
False
Is 276948107 a composite number?
False
Is 965750623 composite?
False
Is 123763 a composite number?
True
Is 11007817 composite?
True
Is 985409 a composite number?
True
Is 1013257 a composite number?
True
Is 8275529 prime?
False
Is 151748351 a composite number?
False
Is 1723037 a composite number?
False
Is 735479 prime?
True
Is 93823771 a prime number?
True
Is 3041281 a prime number?
False
Is 12290297 a composite number?
False
Is 729341 a prime number?
False
Is 210997 composite?
True
Is 8115463 prime?
True
Is 2364353 a prime number?
True
Is 520673 prime?
False
Is 3023303 a composite number?
False
Is 435377 composite?
True
Is 1453507 prime?
False
Is 12170911 composite?
True
Is 298046933 prime?
False
Is 1607339 prime?
False
Is 13213787 prime?
False
Is 7363211 a prime number?
False
Is 49186603 a composite number?
True
Is 1292857 composite?
False
Is 7079833 a composite number?
False
Is 3290491 prime?
False
Is 32864353 prime?
True
Is 76262471 a prime number?
False
Is 3025093 prime?
False
Is 37240823 a composite number?
True
Is 18119797 a prime number?
True
Is 57035339 a composite number?
True
Is 1040297 prime?
False
Is 9636701 prime?
False
Is 3773111 composite?
False
Is 29563514 a prime number?
False
Is 4940087 a prime number?
False
Is 3926633 prime?
True
Is 7208727 a composite number?
True
Is 3426223 a prime number?
False
Is 470530859 a prime number?
True
Is 5074633 prime?
True
Is 2167363 a composite number?
True
Is 2368507 composite?
True
Is 67307 a composite number?
False
Is 64830201 a composite number?
True
Is 2280191 prime?
True
Is 5178781 composite?
False
Is 42846979 a composite number?
True
Is 8794067 composite?
False
Is 107372263 composite?
True
Is 3968761 a prime number?
True
Is 293128063 a prime number?
True
Is 1620991 prime?
False
Is 1154401 prime?
True
Is 1557553 a composite number?
True
Is 19907267 a composite number?
False
Is 68214637 composite?
False
Is 16731739 prime?
True
Is 14590991 a composite number?
False
Is 17619643 a composite number?
True
Is 20939927 a composite number?
False
Is 841881 a composite number?
True
Is 5689871 composite?
True
Is 132809 a composite number?
True
Is 540851 a prime number?
True
Is 597127 composite?
False
Is 65456173 prime?
True
Is 296207 a prime number?
False
Is 2993027 prime?
True
Is 52774107 a prime number?
False
Is 963593 a composite number?
True
Is 20343919 prime?
False
Is 58830539 composite?
False
Is 285193 a composite number?
True
Is 4041977 prime?
True
Is 38767 prime?
True
Is 44055295 composite?
True
Is 2164462 a composite number?
True
Is 80115071 a composite number?
False
Is 34158147 a composite number?
True
Is 2473923 a composite number?
True
Is 27733247 a prime number?
True
Is 5559691 a composite number?
False
Is 591287 composite?
False
Is 10674463 a prime number?
False
Is 7548523 prime?
True
Is 23435753 prime?
False
Is 21039331 a composite number?
True
Is 21432115 prime?
False
Is 946943461 prime?
True
Is 5620363 prime?
False
Is 221313737 prime?
True
Is 870547 prime?
True
Is 8455259 composite?
False
Is 90954529 prime?
False
Is 11818727 prime?
True
Is 13608293 a prime number?
True
Is 12696443 a composite number?
False
Is 8362913 composite?
True
Is 28425289 a prime number?
True
Is 310270297 prime?
True
Is 1329269 composite?
False
Is 67327655 a composite number?
True
Is 14488073 prime?
True
Is 37584149 prime?
True
Is 1545889 a composite number?
True
Is 18545491 prime?
False
Is 183046949 a prime number?
False
Is 3312227 a composite number?
False
Is 610157 a composite number?
False
Is 1345049 a prime number?
False
Is 1036659581 composite?
True
Is 249307231 composite?
True
Is 261605 a prime number?
False
Is 158532533 a composite number?
False
Is 4860298 a prime number?
False
Is 61969939 prime?
True
Is 19506229 prime?
True
Is 26463061 prime?
True
Is 174059315 a composite number?
True
Is 82601153 composite?
False
Is 10707017 a prime number?
True
Is 15274549 a prime number?
False
Is 63034409 a composite number?
True
Is 12059165 a composite number?
True
Is 29068943 prime?
True
Is 6327773 a composite number?
False
Is 32241583 a composite number?
True
Is 9313807 a prime number?
False
Is 178104871 a prime number?
False
Is 282755621 a composite number?
False
Is 1848191 composite?
True
Is 13371971 prime?
True
Is 71670881 a composite number?
True
Is 4662091 prime?
False
Is 1249973651 a composite number?
False
Is 19010503 composite?
True
Is 540737 a composite nu